lculate the greatest common divisor of g and 125.
25
Let r(k) = 3*k + 9. Let f be r(-6). Let o be (3/(-2))/(f/96). Calculate the greatest common factor of o and 8.
8
Suppose 2*f + 5*x + 419 = 0, 327 = 3*f + x + 988. Let b be f/4*16/(-24). Suppose l - 17 = b. Calculate the greatest common factor of l and 18.
18
Suppose 644 = -4*v + 5*u, 4*v - 2*u + 616 = -4*u. Let i = 228 + v. What is the highest common factor of i and 9?
9
Suppose 3*h = -5*o + 13, 7*h = 3*o + 2*h - 1. Calculate the highest common divisor of 18 and o.
2
Let t = 7 - 2. Suppose 3*l - 32 - 43 = 0. What is the greatest common factor of l and t?
5
Let g(l) = -l + 112. Let d be g(0). What is the highest common factor of 28 and d?
28
Suppose -3*f - 228 = -5*f. Suppose 5*l - 22 = 3. Suppose 0 = 2*v - 43 + l. What is the highest common factor of v and f?
19
Let r = -3 - -9. Let h = r + 5. Let n be (-16)/(3/(66/(-4))). What is the greatest common factor of n and h?
11
Let f(z) = z**2 + 135. Let d be f(0). What is the highest common divisor of 15 and d?
15
Suppose 3*g = -0 - 6. Let i be (g + 10)*(-77)/(-28). What is the highest common factor of i and 198?
22
Let y be 2/(-12) + 676/24. Suppose -20 = -2*d + y. What is the highest common divisor of 36 and d?
12
Let p be 0 + 0 + (-78)/(-6). Suppose -2*y = -y - p. Calculate the greatest common divisor of y and 117.
13
Suppose -7 = -o + 5*m - 3*m, -2*o + m = 1. Let k = 15 + o. What is the greatest common divisor of k and 6?
6
Let h(x) = x**3 + 2*x - x**2 + 4*x + x**2 + 8*x**2 + 1. Let y be h(-7). Suppose y = 5*u - 7. Calculate the greatest common divisor of 33 and u.
3
Let u = -18 + 22. Let h(r) = r**2 - 15. Let l be h(0). Let q be l/(-4) + 2/8. What is the highest common factor of q and u?
4
Suppose 0 = -3*z + 6*z - 6. Suppose -35 = -z*u + m - 5, -60 = -4*u + 5*m. Let a be ((-72)/20)/(6/(-100)). What is the highest common factor of u and a?
15
Suppose 4*o + 2*a = 16, 0*a - 2*a = -2*o + 20. What is the highest common divisor of 2 and o?
2
Suppose -53 = -2*q + l + 27, -5*q + 4*l + 200 = 0. Suppose 0 = -n - 4*n + q. What is the greatest common factor of n and 20?
4
Let l(g) = g**3 + 19*g**2 - 6*g. Let j be l(-19). Calculate the highest common divisor of 19 and j.
19
Let s(l) = 3*l + 3. Let p be s(-2). Let c = p + 7. Let i be (7 + -1)/(c/10). Calculate the greatest common divisor of i and 105.
15
Let d(x) = -x**2 + 10*x + 1. Let y be d(8). Let q be (17/(-2))/(7/(-140)). What is the greatest common divisor of y and q?
17
Let x = 132 - 97. Calculate the highest common divisor of x and 7.
7
Let p be 4/26 + (-74)/(-26). Let b be 10 + -6 + 3 + p. Calculate the greatest common factor of b and 25.
5
Suppose 0 = -4*l, -4*l = 2*q - q - 2. Calculate the greatest common factor of 12 and q.
2
Let c(h) = -h**3 + 7*h**2 - 7*h + 8. Let s be c(6). Suppose 12 + 12 = d - 5*k, -5*d + 5*k + 40 = 0. Calculate the greatest common factor of s and d.
2
Let b(s) = s**3 + 13*s**2 + 13*s + 24. Let r be b(-11). Calculate the highest common factor of 41 and r.
41
Let l(k) be the second derivative of k**4/12 + k**3/6 + 3*k**2 - 4*k. Let j be l(-7). Let f = 19 - 13. Calculate the greatest common divisor of j and f.
6
Suppose -19 - 207 = 2*o. Let z = -51 - o. Suppose 5*b - p - 319 = 0, b - 2*p = -0*b + z. Calculate the greatest common divisor of b and 16.
16
Let i(k) = 14*k - 3. Let t be i(2). Let s = -253 + 353. Calculate the greatest common divisor of s and t.
25
Let v(n) = -3*n - 3. Let d be v(-4). What is the greatest common divisor of 1 and d?
1
Let z(c) = 5*c + 5. Let n be z(3). What is the highest common divisor of 40 and n?
20
Suppose -6*s = 4*w - 2*s, 2*w + 25 = 3*s. Let j = w - -11. Let g(r) = -r**3 - r**2 + 2*r + 2. Let v be g(-4). Calculate the greatest common divisor of v and j.
6
Let l = 1 - 3. Let h(b) = -3*b**3 + 2*b**2 + b. Let p be h(l). Suppose -11*z + 2 = -31. What is the greatest common factor of p and z?
3
Suppose -3*s - 4*k = -26, 4*s + 2*k - 5*k = 18. Suppose 0 = l + 3 - s, 0 = 3*q - 5*l - 6. Calculate the highest common factor of q and 56.
7
Suppose -n = i - 29, i + 4*n + n = 33. What is the highest common divisor of i and 70?
14
Let m(f) = -f**3 - f**2 - 2*f + 1. Let a be m(-2). What is the highest common divisor of 9 and a?
9
Suppose 5*u + 0*u + 20 = 0, 4*i = 3*u + 24. Calculate the highest common factor of i and 2.
1
Let v(f) = f**3 + 4*f**2 - f + 3. Let t be v(-4). Suppose -r + 5*d + 36 = -0*r, d + 52 = r. Calculate the highest common factor of r and t.
7
Let k be ((-18)/5)/((-30)/100). What is the highest common factor of k and 3?
3
Let a(q) = 3*q - 16. Let m be a(9). What is the greatest common factor of m and 11?
11
Let v(s) = -s**2 - s + 117. Let c be v(0). Let a be c + (-6)/2 + 3. What is the highest common divisor of a and 13?
13
Suppose -5*p - 6 + 1 = 0, 2*v + 4*p = 52. What is the highest common divisor of 4 and v?
4
Suppose 8*y - 10*y = -448. Calculate the highest common divisor of 32 and y.
32
Let z = 27 - 55. Let q = -25 + 13. Let l = q - z. What is the greatest common divisor of 16 and l?
16
Let i = -120 - -220. Let r = i - 52. What is the greatest common factor of 12 and r?
12
Let g = 67 - 58. What is the greatest common divisor of 72 and g?
9
Let w be (-724)/(-24) + -2 - 1/6. What is the greatest common factor of w and 70?
14
Let k be 6/39 - (-4)/(-26). Let f be k/(1/((-3)/(-6))). Suppose f*w = -3*w - x + 29, -w - x + 7 = 0. What is the greatest common divisor of w and 11?
11
Suppose 0 = -2*x + 3*t + 23, -t + 1 = 2*x - 2. Suppose x*y = 53 + 3. What is the greatest common divisor of 98 and y?
14
Let r be (48/15)/(-2)*-5. What is the greatest common divisor of 24 and r?
8
Let m = 5 + 130. Calculate the greatest common factor of m and 15.
15
Suppose -30 = -5*z + 25. Let l = z - 2. Let x be (6 - 1) + 2/(-1). Calculate the highest common factor of x and l.
3
Let d(x) = -4*x**2 - 1. Let i be d(1). Let r be ((-160)/i)/(1 + 0). Calculate the greatest common factor of r and 4.
4
Let u = -50 - -69. What is the greatest common divisor of 57 and u?
19
Let v(s) = -17*s - 3. Let g be ((-32)/12)/(1/(-3)). Let f be (4 + 0)*(-6)/g. Let m be v(f). What is the greatest common divisor of 12 and m?
12
Let c(a) = -2*a + 40. Let i be c(0). Calculate the greatest common divisor of i and 8.
8
Let o(b) = 6*b - 3 + 2*b + 8*b - 5. Let t be o(8). Calculate the greatest common divisor of t and 12.
12
Let f(t) be the first derivative of -6*t + 4*t**2 - 1/3*t**3 - 1. Let h be f(5). Calculate the greatest common factor of h and 63.
9
Suppose 3*m + s + 49 = 5*m, -4*s = -5*m + 115. What is the highest common divisor of 54 and m?
27
Suppose 3*m + m + 12 = 0, -q - 2*m - 2 = 0. Suppose -7*r = -4*h - 3*r + 16, -16 = -4*h - 4*r. What is the highest common divisor of q and h?
4
Let c be 3 + 5 + (3 - 2). Let q(n) = n**3 + n**2 - 2*n + 1. Let f be q(1). Calculate the highest common factor of c and f.
1
Suppose -2*v = -0*v - 26. Suppose 0 = -4*x + 5 - 21. Let m(w) = -w**3 - 3*w**2 - 6*w - 1. Let a be m(x). Calculate the greatest common divisor of a and v.
13
Let f = 149 + -99. Calculate the greatest common divisor of f and 350.
50
Suppose 1 = 2*u - u + r, -3*r + 23 = -2*u. Let o(w) = -11*w + 1. Let l be o(u). Calculate the greatest common factor of l and 30.
15
Let n be (-1)/(-3) + 0 + (-418)/(-6). What is the highest common divisor of 10 and n?
10
Suppose -5*p + 29 + 110 = -n, -5*n = -p + 47. Calculate the highest common divisor of p and 3.
3
Suppose -3*j - 12 = -7*j. Let n be 11/j + 2/(-3). Suppose 11 = -n*v + 4*v. Calculate the greatest common divisor of 11 and v.
11
Let f(g) = 10*g**2 + g. Let p = 4 - 5. Let q be f(p). Suppose -4*i + 9 = -27. Calculate the greatest common divisor of i and q.
9
Suppose 5 = 5*n - 5*l, -2*n - 2*l = 2*n - 22. Suppose 0 = -3*b - 3*z + z + 52, -n*b + 4*z = -56. Calculate the highest common factor of 160 and b.
16
Let q = -2 - -21. What is the highest common divisor of q and 171?
19
Let l be (-6)/1*29/(-58). Calculate the highest common divisor of 15 and l.
3
Let d(h) = 71*h - 1. Let y be d(1). Let v = 51 + -37. Calculate the highest common divisor of v and y.
14
Let p be -35*(-21)/35*8/6. Suppose -4*c + 212 = -68. What is the greatest common factor of p and c?
14
Suppose -2*d - 6 = -b, -3*d - 65 = -b - 4*b. Let g(k) = 11*k**2 - k - 1. Let i be